alse
Is 1498131577 prime?
False
Is 349639085609 a prime number?
False
Is 45709813 prime?
True
Is 6134842741 a composite number?
False
Is 187216907 a prime number?
True
Is 744385853 composite?
True
Is 6958393651 prime?
False
Is 8566399462 composite?
True
Is 289592227 prime?
True
Is 164646409 a prime number?
False
Is 580568321 composite?
False
Is 316704693581 a prime number?
False
Is 5124253993 a composite number?
False
Is 152502503 a composite number?
True
Is 4483400503 a composite number?
False
Is 2673703709 a composite number?
False
Is 462578771 a composite number?
False
Is 468831529 a composite number?
True
Is 30349131829 prime?
True
Is 1178016447 a prime number?
False
Is 17386196647 a composite number?
False
Is 998495042 composite?
True
Is 69011996341 a prime number?
False
Is 26219960321 composite?
False
Is 893851499 a prime number?
False
Is 53697167101 composite?
False
Is 337466461 a prime number?
True
Is 728289521 prime?
True
Is 520865667789 composite?
True
Is 668400823 prime?
True
Is 18286661993 a prime number?
True
Is 1211637059 prime?
True
Is 31761634427 prime?
True
Is 2107835087 prime?
True
Is 61536776891 a composite number?
True
Is 688593733 prime?
False
Is 101444580691 prime?
True
Is 115190563 a composite number?
True
Is 7684628737 composite?
False
Is 191201861 composite?
False
Is 1938608621 composite?
False
Is 7785734269 prime?
True
Is 547792279 a prime number?
True
Is 443142811751 composite?
False
Is 537276247 composite?
False
Is 7897293829 a composite number?
True
Is 220916898193 a prime number?
True
Is 1147262509 prime?
True
Is 192746819605 composite?
True
Is 13104841297 a prime number?
True
Is 2110265669 a composite number?
True
Is 33259738471 composite?
False
Is 913950799 prime?
False
Is 575510701 composite?
True
Is 949101703 prime?
False
Is 127374953 a composite number?
True
Is 1550629649 composite?
False
Is 15457072837 a composite number?
True
Is 4980025529 prime?
True
Is 10330016817 a composite number?
True
Is 170730383 a composite number?
False
Is 42198691 prime?
True
Is 3003829567 a prime number?
False
Is 1868792221 a composite number?
False
Is 51215611 composite?
True
Is 3684420247 prime?
True
Is 38055990301 prime?
False
Is 13921549 composite?
False
Is 28108831123 composite?
False
Is 6209172847 prime?
False
Is 958063919 a composite number?
True
Is 1186773637 a prime number?
False
Is 26751545641 a prime number?
False
Is 113683439 composite?
False
Is 138269647 composite?
False
Is 1258804351 prime?
False
Is 1144199483 a composite number?
True
Is 1468081729 prime?
False
Is 27913835193 a composite number?
True
Is 124870663 a prime number?
False
Is 6880141021 a prime number?
False
Is 2710483651 a composite number?
False
Is 1567669919 a composite number?
False
Is 301398527 a composite number?
False
Is 7713482065 composite?
True
Is 11878255751 prime?
True
Is 30474477091 a composite number?
False
Is 37012820183 a composite number?
True
Is 15076060951 prime?
False
Is 7644617489 composite?
True
Is 911273411 a prime number?
True
Is 58228787135 a composite number?
True
Is 13490787199 a prime number?
False
Is 5179319737 a prime number?
True
Is 232801253 prime?
True
Is 10403915449 a prime number?
True
Is 1929838073 composite?
True
Is 62431385101 composite?
False
Is 9806653249 a composite number?
True
Is 1115404231 a prime number?
False
Is 73399619947 prime?
True
Is 70060276877 a prime number?
True
Is 268121882353 a prime number?
False
Is 284203333 composite?
True
Is 706270897 prime?
False
Is 290439734691 a composite number?
True
Is 99262743466 a composite number?
True
Is 32230192957 composite?
False
Is 24745678709 prime?
True
Is 3731349 composite?
True
Is 2439364358 prime?
False
Is 27851479 composite?
False
Is 1514158769 a prime number?
False
Is 214652687 prime?
True
Is 5507404051 a composite number?
True
Is 21286504801 a composite number?
True
Is 1668889741 prime?
True
Is 559283201 a prime number?
True
Is 21801337487 a composite number?
False
Is 40057491923 composite?
False
Is 1295747347 a prime number?
False
Is 5458053891 a prime number?
False
Is 45200979899 composite?
True
Is 31159345729 prime?
True
Is 25397306639 composite?
True
Is 788329018 a prime number?
False
Is 1991761807 composite?
True
Is 7433685263 prime?
True
Is 3961435399 composite?
True
Is 2062912697 prime?
True
Is 5215824041 a prime number?
True
Is 5539028771 composite?
True
Is 777786011 prime?
True
Is 72018953069 prime?
False
Is 3834378311 a composite number?
False
Is 4931479471 composite?
False
Is 218110471751 a composite number?
False
Is 3059036126 a composite number?
True
Is 1258033937 composite?
True
Is 425187038197 a composite number?
True
Is 9554755187 a composite number?
True
Is 7453041413 a prime number?
False
Is 67007836867 a prime number?
True
Is 84169659917 prime?
False
Is 3681335561 a prime number?
False
Is 13454690629 a composite number?
False
Is 128865311 a prime number?
False
Is 1533896123 a composite number?
True
Is 44595811343 composite?
False
Is 1641751817 composite?
True
Is 3680326459 a prime number?
False
Is 42926882942 a prime number?
False
Is 1170559339 a composite number?
False
Is 2517680549 composite?
False
Is 2292184603 prime?
True
Is 15506853991 prime?
False
Is 51422299129 composite?
True
Is 6400678001 a composite number?
True
Is 982206763 a composite number?
True
Is 8495618731 a prime number?
False
Is 3244038911 a composite number?
True
Is 207254083 a prime number?
False
Is 1445376223 a composite number?
True
Is 3323919671 prime?
True
Is 112593001 composite?
False
Is 26217684463 prime?
True
Is 65806457 prime?
False
Is 51242970061 a prime number?
True
Is 890397727 composite?
True
Is 1616180959 a prime number?
False
Is 8326060681 prime?
True
Is 8242070561 a composite number?
False
Is 1725813017 a prime number?
True
Is 4359891197 a composite number?
False
Is 17248391 prime?
False
Is 732800149 a composite number?
False
Is 4624657039 a prime number?
False
Is 1351532047 composite?
True
Is 1187384897 a composite number?
False
Is 10142653765 a prime number?
False
Is 16052726359 a composite number?
False
Is 30114998 a composite number?
True
Is 107104741321 prime?
False
Is 1635874661 a composite number?
False
Is 14864787827 composite?
False
Is 7717530398 a prime number?
False
Is 1962770837 prime?
False
Is 44560064741 a composite number?
True
Is 559451573 a composite number?
False
Is 5842908793 a composite number?
False
Is 42987987079 a prime number?
False
Is 471099497 a prime number?
False
Is 1118044583 composite?
True
Is 11900647573 a prime number?
True
Is 771408731 prime?
True
Is 32220271843 a composite number?
False
Is 125979229 a composite number?
True
Is 10931849039 a composite number?
False
Is 1803511231 a composite number?
True
Is 2484568861 a composite number?
True
Is 28889501 a composite number?
False
Is 845629823 prime?
False
Is 1534042403 composite?
False
Is 98950585334 a prime number?
False
Is 104438743 composite?
False
Is 214225592149 a prime number?
True
Is 14605844327 composite?
False
Is 105860533631 prime?
False
Is 21894653849 a composite number?
True
Is 58572473 composite?
True
Is 1313514989 a prime number?
True
Is 9456263221 a composite number?
True
Is 19026986921 prime?
False
Is 259495421 composite?
True
Is 1172909039 prime?
False
Is 2364688783 composite?
True
Is 4671589 prime?
False
Is 43248801263 a prime number?
True
Is 572650721 a composite number?
False
Is 297157183 prime?
False
Is 2347286863 prime?
False
Is 198062106243 prime?
False
Is 3613686911 a prime number?
True
Is 919891543 a prime number?
True
Is 2594853113 a prime number?
False
Is 2736636083 prime?
True
Is 26700984503 a prime number?
False
Is 11466319741 a prime number?
True
Is 136176755662 prime?
False
Is 7153923893 a prime number?
False
Is 765376291 composite?
True
Is 4325974973 prime?
True
Is 39298402151 composite?
False
Is 21422576059 a composite number?
False
Is 15726235661 a composite number?
True
Is 5835922853 a composite number?
False
Is 2990706023 composite?
True
Is 338596301 a prime number?
True
Is 17932987 composite?
True
Is 987206627 composite?
True
Is 1028149289 prime?
False
Is 5560562435 a composite number?
True
Is 5254209827 composite?
True
Is 2909137793 prime?
False
Is 6688698199 a composite number?
True
Is 445684562 prime?
False
Is 10753095559 compo